-2*q + g = -11. What is the remainder when 21 is divided by q?
5
Let n(m) = -m**2 + 13*m + 3. Let s be n(13). Suppose 2*z + 0*z - s*b = 104, 2*z - 108 = 2*b. What is the remainder when z is divided by 30?
28
Let p(d) = 9*d - 94. What is the remainder when 143 is divided by p(16)?
43
Let q(n) = -62*n + 729. What is the remainder when 320 is divided by q(11)?
38
Let c(b) = 35 + 30 + 36 - b**2 - 81 - 11*b. Calculate the remainder when c(-7) is divided by 13.
9
Let w = -72 - -30. Let p = 1 - -17. What is the remainder when p is divided by 18/99 + w/(-11)?
2
Suppose -5*y + 9 = -x, -5*y - 2*x = -9 - 3. What is the remainder when 21 is divided by ((-12)/2)/(y/((-40)/15))?
5
Let i = -6 - -35. Suppose -3*u + 33 = -12. What is the remainder when i is divided by u?
14
Let v(c) = -c**2 - 7*c. Let s be v(-6). Suppose -4*p - 23 = -2*t + p, 32 = 5*t - 4*p. What is the remainder when t/(s - 2) - -26 is divided by 14?
13
Calculate the remainder when 124 is divided by (3 - 9)*(130/(-20) + -2).
22
Suppose -69 = -14*q - 13. Suppose -5*p + 6 = -5*b - 4, 2*b = p - 7. Let j = q - p. Calculate the remainder when 20 is divided by j.
6
Let q(i) = -21*i - 431. Let k(d) = 2*d**2 + 3*d - 2. What is the remainder when q(-23) is divided by k(-4)?
16
Let s = -82 - -86. Suppose -w = -g - 8, s*w - 26 = -4*g + 6*g. What is the remainder when 12 is divided by w?
2
Let t = -74 - -47. Let m be (-441)/t + (-1)/3. Suppose -2*h + m = -h. Calculate the remainder when h is divided by 9.
7
What is the remainder when (-244)/(-5) - 236/295 is divided by 10?
8
Let f(o) = -o**3 - 8*o**2 - 5*o - 2. Let n be f(-7). Let i = n - -60. What is the remainder when i is divided by (2 - 1)*1*15?
14
Suppose 4*n = 2*j + 302, 5*j = -3*n + 8*j + 225. Calculate the remainder when n is divided by 17.
8
Suppose -2*t + 3*t = 2. Suppose -y = -5 + t. Suppose i = y*n - 133, 1 = -i + 6. Calculate the remainder when n is divided by 12.
10
Suppose 5*q + 25 = -10. Let s(z) be the third derivative of -z**4/8 - 4*z**3/3 + 2*z**2. Calculate the remainder when 38 is divided by s(q).
12
Suppose -5*w + 0 = -j - 14, 4*w + 4*j - 16 = 0. Suppose 55 = 2*k + w*h - 0*h, k - 40 = -4*h. What is the remainder when k is divided by 8?
4
Calculate the remainder when 65 is divided by ((-17)/3)/(54/(-162)).
14
Suppose -3*u - 7*c + 6*c + 14 = 0, -5*u + c + 18 = 0. Suppose 3*m = 5*a + 72, -5*m + 130 = -u*a - a. Calculate the remainder when 54 is divided by m.
25
Suppose -267*h = -238*h - 2465. What is the remainder when 594 is divided by h?
84
Let f = 822 - 474. What is the remainder when f is divided by 10?
8
Let c(x) = x**2 - 17*x + 3. Let y be 34/(-4)*(-6)/9*3. Calculate the remainder when c(y) is divided by 1.
0
Let r(u) be the first derivative of -u**4/4 + 14*u**3/3 + 2*u**2 + 2*u + 22. What is the remainder when r(14) is divided by 16?
10
Let z be (-1)/1 + 217 + 0. Let w = 22 + -16. Calculate the remainder when z/22 + (-6)/(-33) is divided by w.
4
Suppose 0 = 7*m + 36*m - 2279. Calculate the remainder when m is divided by 15.
8
Suppose 2*a = 4*a - 10. Suppose a*z + 31 = 56. What is the remainder when 17 is divided by z?
2
Suppose 6*n - 3 = 3*n, 5*d + n = 96. Let t(a) = 5*a**2 + 12*a + 5. Let s be t(-8). Let z = s - 118. What is the remainder when z is divided by d?
16
Let t = -51 + 80. Suppose -2*r + t = 5. Suppose -2*v - 14 = -4*v. Calculate the remainder when r is divided by v.
5
Let m be 11/(-3 - 26/(-8)). Suppose 0 = 5*z - u - 69, -2 - 2 = -4*u. Suppose -2*a = z - m. What is the remainder when a is divided by 4?
3
Suppose 3*k = -2*a + 24, -a - 2*k + 11 = -0*k. Let i be (4/(-16))/((-2)/8). Calculate the remainder when (-1)/(0 + i) - -28 is divided by a.
12
Let x = 1659 - 1614. Calculate the remainder when x is divided by 37.
8
Suppose 4*s - 6*s = -14. Suppose 52*l - 12616 = -114*l. Calculate the remainder when l is divided by s.
6
Let y be (0 - -5)*8/5. Let r be (y - 9)/((-1)/(-3)). Calculate the remainder when 18 is divided by 6 + 1 + r + 1.
3
Suppose -8 + 4 = -2*b. Let s be 4/5*(-1 - -6). Suppose 0*u - u + s = 0. What is the remainder when u is divided by b?
0
Suppose -2*v + 76 = -2*y, -y = -0 - 4. Calculate the remainder when 1708/49*21/6 is divided by v.
38
Let f(b) = 2*b**2 + 3*b + 1. Let g(h) = 2*h**3 - 29*h**2 - 5*h - 95. What is the remainder when g(15) is divided by f(3)?
27
Suppose -3*z - 409 = -544. What is the remainder when z is divided by 23?
22
Let s = 39 + -13. Calculate the remainder when s is divided by 15.
11
Let a = -48 + 80. Let g(l) = -l**3 + 6*l**2 + 15*l + 19. What is the remainder when a is divided by g(8)?
10
Let z = -1342 + 1359. Let u(l) = -l**3 + 7*l**2 + 7*l + 5. What is the remainder when u(7) is divided by z?
3
Let s be 100/(20/4) + (-5 - -1). Suppose -3*m = 4*x - s, 12*m - 2*x - 6 = 10*m. Let h = 30 + -19. What is the remainder when h is divided by m?
3
Suppose -7*z + 1531 = 1524. What is the remainder when 32 is divided by z?
0
Suppose 19*k - 10364 = -3372. Calculate the remainder when k is divided by 74.
72
Suppose -2*s + 3*b - 6*b = -4, 7 = 3*s + 5*b. Let r = 9 - s. Let x(l) = -l**3 + 6*l**2 - 2*l. What is the remainder when x(5) is divided by r?
5
Let c = 5 + -2. Suppose -c*w = 3*b - 21, 0 = 2*w + b - 4*b - 24. Suppose 5*p = -2*l + 89, 0 = 4*p - 2*l - 33 - 31. What is the remainder when p is divided by w?
8
Let a = 753 - 744. Calculate the remainder when 247 is divided by a.
4
Let a be 12/54 + 2/(-18)*2. Suppose a = -12*r + 44 + 88. What is the remainder when r is divided by 3?
2
Suppose -4*n + 57 = v, 5*v + n - 247 = -0*v. Let f = 60 - v. Calculate the remainder when 30 is divided by f.
8
What is the remainder when 105 is divided by (-2463)/(-30) + (-7)/70?
23
Suppose 0 = 4*f - 12*f - 1896. Let a = 411 + f. Calculate the remainder when a is divided by 44.
42
Let b = -26 - -43. Suppose 17*r - 12*r = 165. What is the remainder when r is divided by b?
16
Calculate the remainder when 728 is divided by 1008/(-32)*(-30)/35.
26
Let k(r) = -r**3 + r**2 + 7*r - 4. Let b be k(3). Let j = 9 - b. Suppose -5*p + 0 = -5*z + j, 5*z - 22 = p. What is the remainder when 17 is divided by z?
2
Let n = 554 + -529. Calculate the remainder when 261 is divided by n.
11
Let f(h) = -h**3 + 24*h**2 + 29*h - 65. What is the remainder when f(25) is divided by 9?
8
Let u = 25 - -4. Calculate the remainder when 134 is divided by u.
18
Let g(y) = y**3 + 8*y**2 + 6*y - 6. Calculate the remainder when 70 is divided by g(-6).
10
Suppose -1772 = -3*j + x, 1762 = -0*j + 3*j + 4*x. Calculate the remainder when (j/25)/((-4)/(-20)) is divided by 24.
22
Let a be (8832/9)/(2/(-12)). Let p be a/(-60) + 2/(-15). Let q = -51 + p. What is the remainder when q is divided by 24?
23
Let d = 232 - 227. Calculate the remainder when 37 is divided by d.
2
Let s be (-2)/6 - 104/(-24). Suppose -3*p + 3*b + 156 = -0*b, -s*b = -3*p + 153. What is the remainder when p is divided by 20?
15
Let g(i) = -i**2 + i. Let r(s) = -4*s**2 - 6*s - 19. Let m(c) = 2*g(c) - r(c). What is the remainder when m(-8) is divided by 43?
40
Let c(z) = 7*z - 8. Let r be c(3). Let l(g) = -5*g + 3. What is the remainder when l(-4) is divided by (24/14)/(r/91)?
11
Let l be (3/9)/(2/138). Let t = 39 - l. Suppose -4*r - 5*a + 274 = 2, 2*r - 146 = -5*a. What is the remainder when r is divided by t?
15
Suppose 0 = h - 10 - 9. Suppose 5*i - 224 = -44. What is the remainder when i is divided by h?
17
What is the remainder when 116 is divided by 8/4*(41 + (-6 - -2))?
42
Suppose 0 = -5*a - 4*p + 1445, 0 = 4*a - 6*p + 2*p - 1192. Suppose -5*z = 3*b - a, 3*b - 4 = 4*b. Calculate the remainder when z is divided by 9.
7
Suppose -12 = -63*r + 51*r. What is the remainder when 15 is divided by r?
0
Let r = 299 + -8. What is the remainder when r is divided by 49?
46
What is the remainder when 50 is divided by -3*((-455)/15)/7?
11
Suppose 5*n + 414 = -111. Calculate the remainder when 25 is divided by 2/8 - n/12.
7
Let w(k) = -3*k + 56. What is the remainder when 115 is divided by w(9)?
28
Suppose 0 = s + 4*s - 10, 0 = 5*n - 5*s - 50. Let m(p) = -p**2 + 18*p - 11. Calculate the remainder when m(n) is divided by 31.
30
Let u(n) = 2*n. Let k be u(1). Suppose -k*f - 240 = 3*f. Let b = f - -89. Calculate the remainder when b is divided by 22.
19
Suppose 3*w - 20 = w. Suppose 5*c + 10 = w